{"id":11,"date":"2022-05-22T07:17:02","date_gmt":"2022-05-22T05:17:02","guid":{"rendered":"https:\/\/www.spaghettihacker.it\/?page_id=11"},"modified":"2022-05-22T15:24:39","modified_gmt":"2022-05-22T13:24:39","slug":"note-legali-anche-su-dati-personali-e-cookie","status":"publish","type":"page","link":"https:\/\/www.spaghettihacker.it\/?page_id=11","title":{"rendered":"Note legali, dati personali e cookie"},"content":{"rendered":"\n<h2 class=\"has-large-font-size wp-block-heading\">Diritti d&#8217;autore e propriet\u00e0 intellettuale<\/h2>\n\n\n\n<p>Spaghetti Hacker \u00e8 un libro scritto da Stefano Chiccarelli e Andrea Monti. Gli estratti e i testi pubblicati in questo sito possono essere usati nei limiti delle regole sugli usi liberi. Qualsiasi impiego che implica, anche indirettamente, un vantaggio (come nel caso della monetizzazione) deve essere autorizzato dagli autori.<\/p>\n\n\n\n<h2 class=\"has-large-font-size wp-block-heading\">Legge 62\/01<\/h2>\n\n\n\n<p>Ai sensi della legge 62\/01 questo sito non \u00e8 aggiornato con periodicit\u00e0 \u00e8 non costituisce un &#8220;prodotto editoriale&#8221;.<\/p>\n\n\n\n<h2 class=\"has-large-font-size wp-block-heading\">Protezione dei dati personali e cookie<\/h2>\n\n\n\n<p>Questo sito non esegue profilazioni su soggetti identificati o identificabili e, in particolare:<\/p>\n\n\n\n<ul class=\"wp-block-list\"><li>non tratta dati personali all\u2019insaputa degli utenti che lo consultano,<\/li><li>non richiede registrazioni o altre forme di identificazione,<\/li><li>non usa funzioni di &#8220;social sharing&#8221;<\/li><li>non usa Google Analytics,<\/li><li>usa eventuali cookie, javascript e via discorrendo solo per migliorare la fruizione dei contenuti e per realizzare statistiche aggregate che NON identificano personalmente l\u2019utente.<\/li><\/ul>\n\n\n\n<p>Qualsiasi questione legata al trattamento dei dati personali va indirizzata a  <a href=\"http:\/\/www.andreamonti.net\/?page_id=9\"><strong>questi recapiti.<\/strong><\/a><\/p>\n\n\n\n<p><\/p>\n\n\n\n<p><\/p>\n\n\n\n<p><\/p>\n\n\n\n<p><\/p>\n","protected":false},"excerpt":{"rendered":"<p>Diritti d&#8217;autore e propriet\u00e0 intellettuale Spaghetti Hacker \u00e8 un libro scritto da Stefano Chiccarelli e Andrea Monti. Gli estratti e i testi pubblicati in questo sito possono essere usati nei limiti delle regole sugli usi liberi. Qualsiasi impiego che implica, anche indirettamente, un vantaggio (come nel caso della monetizzazione) deve essere autorizzato dagli autori. Legge [&hellip;]<\/p>\n","protected":false},"author":1,"featured_media":0,"parent":0,"menu_order":9,"comment_status":"closed","ping_status":"closed","template":"","meta":{"footnotes":""},"class_list":["post-11","page","type-page","status-publish","hentry"],"_links":{"self":[{"href":"https:\/\/www.spaghettihacker.it\/index.php?rest_route=\/wp\/v2\/pages\/11","targetHints":{"allow":["GET"]}}],"collection":[{"href":"https:\/\/www.spaghettihacker.it\/index.php?rest_route=\/wp\/v2\/pages"}],"about":[{"href":"https:\/\/www.spaghettihacker.it\/index.php?rest_route=\/wp\/v2\/types\/page"}],"author":[{"embeddable":true,"href":"https:\/\/www.spaghettihacker.it\/index.php?rest_route=\/wp\/v2\/users\/1"}],"replies":[{"embeddable":true,"href":"https:\/\/www.spaghettihacker.it\/index.php?rest_route=%2Fwp%2Fv2%2Fcomments&post=11"}],"version-history":[{"count":5,"href":"https:\/\/www.spaghettihacker.it\/index.php?rest_route=\/wp\/v2\/pages\/11\/revisions"}],"predecessor-version":[{"id":217,"href":"https:\/\/www.spaghettihacker.it\/index.php?rest_route=\/wp\/v2\/pages\/11\/revisions\/217"}],"wp:attachment":[{"href":"https:\/\/www.spaghettihacker.it\/index.php?rest_route=%2Fwp%2Fv2%2Fmedia&parent=11"}],"curies":[{"name":"wp","href":"https:\/\/api.w.org\/{rel}","templated":true}]}}